{"id":66,"date":"2024-02-16T15:39:27","date_gmt":"2024-02-16T13:39:27","guid":{"rendered":"http:\/\/neu.waldspielgruppe-pinocchio.ch\/?page_id=66"},"modified":"2025-05-01T15:43:28","modified_gmt":"2025-05-01T13:43:28","slug":"infos","status":"publish","type":"page","link":"https:\/\/www.waldspielgruppe-pinocchio.ch\/index.php\/infos\/","title":{"rendered":"Infos"},"content":{"rendered":"\n<h2 class=\"wp-block-heading has-x-large-font-size\">Infos<\/h2>\n\n\n\n<p class=\"has-text-align-left\">Was ihr wissen m\u00fcsst:<\/p>\n\n\n\n<details class=\"wp-block-details is-layout-flow wp-block-details-is-layout-flow\"><summary>Ablauf<\/summary>\n<p><img loading=\"lazy\" decoding=\"async\" width=\"150\" height=\"150\" class=\"wp-image-106\" style=\"width: 150px;float: left;margin-right: 10px;\" src=\"https:\/\/www.waldspielgruppe-pinocchio.ch\/wp-content\/uploads\/2024\/02\/icon_vogel.jpg\" alt=\"\">An unserem Treffpunkt beginnen wir den Morgen mit den Kindern im Kreis. Danach ziehen wir los. Je nachdem nehmen wir den k\u00fcrzeren oder l\u00e4ngeren Weg zu unserem Waldsofa, das uns Schutzraum und Sitzgelegenheit bietet. Die Kinder k\u00f6nnen in der N\u00e4he ihre Umgebung erkunden und spielen. Das Zn\u00fcni bietet die Gelegenheit zur St\u00e4rkung und l\u00e4sst die Kinder erfahren, dass Teilen eine Bereicherung ist. Durch wiederholte musische, spielerische und erz\u00e4hlerische Impulse n\u00e4hren wir das Bed\u00fcrfnis der Kinder nach Rhythmus und Geborgenheit. Nach drei Stunden intensiven Erlebens kehren wir zum Steinigen Tisch zur\u00fcck, wo die Eltern ihre Kinder abholen.<\/p>\n<\/details>\n\n\n\n<details class=\"wp-block-details is-layout-flow wp-block-details-is-layout-flow\"><summary>Alter<\/summary>\n<p>Empfohlenes Eintrittsalter in die Waldspielgruppe Pinocchio ist 2,5 \u2013 3 Jahre. Im Fr\u00fchling oder Sommer ist ein Eintritt f\u00fcr die ganz Kleinen besser geeignet.&nbsp;Erfahrungsgem\u00e4ss sollte ein Kind f\u00fcr den Eintritt im Herbst (ab Oktober) das&nbsp;3. Altersjahr erreicht haben<\/p>\n<\/details>\n\n\n\n<details class=\"wp-block-details is-layout-flow wp-block-details-is-layout-flow\"><summary>Gruppengr\u00f6sse<\/summary>\n<p>Maximum 12 Kinder pro Morgen (und jeweils 2 ausgebildete&nbsp;<a href=\"https:\/\/www.waldspielgruppe-pinocchio.ch\/index.php\/team\/\" data-type=\"page\" data-id=\"40\">Waldspielgruppenleiterinnen<\/a>).<\/p>\n<\/details>\n\n\n\n<details class=\"wp-block-details is-layout-flow wp-block-details-is-layout-flow\"><summary>Wann<\/summary>\n<p>jeden Dienstag-, Mittwoch- und Freitagmorgen 8.30 Uhr bis 11.30 Uhr<\/p>\n<\/details>\n\n\n\n<details class=\"wp-block-details is-layout-flow wp-block-details-is-layout-flow\"><summary>Treffpunkt<\/summary>\n<p>Steiniger Tisch, im G\u00f6nhardwald oberhalb der KEBA Aarau<\/p>\n<\/details>\n\n\n\n<details class=\"wp-block-details is-layout-flow wp-block-details-is-layout-flow\"><summary>Anmeldung<\/summary>\n<p>Da die Platzzahl begrenzt ist, empfehlen wir eine rasche&nbsp;<a href=\"https:\/\/www.waldspielgruppe-pinocchio.ch\/index.php\/anmeldung\/\" data-type=\"page\" data-id=\"141\">Anmeldung<\/a>.<\/p>\n<\/details>\n\n\n\n<details class=\"wp-block-details is-layout-flow wp-block-details-is-layout-flow\"><summary>Kosten<\/summary>\n<p>CHF 100 pro Monat (1 Waldmorgen pro Woche), zzgl. Anmeldegeb\u00fchr von CHF 50.\u2013<br>Es kann bequem per Dauerauftrag oder im Voraus gegen Rechnung (quartalsweise, Aufpreis CHF 12 pro Jahr) bezahlt werden<\/p>\n<\/details>\n\n\n\n<details class=\"wp-block-details is-layout-flow wp-block-details-is-layout-flow\"><summary>Leistungsvertrag<\/summary>\n<p>F\u00fcr Suhrer Kinder besteht ein Leistungsvertrag mit der Gemeinde.<br><a href=\"http:\/\/www.suhr.ch\/de\/verwaltung\/dienstleistungen\/welcome.php?dienst_id=25956\" target=\"_blank\" rel=\"noreferrer noopener\">&gt;&gt;&gt; Informationen und Antragsformular<\/a><br>(www.suhr.ch \u2013 Verwaltung \u2013 Dienstleistungen \u2013 Familienerg\u00e4nzende Kinderbetreuung)<\/p>\n<\/details>\n\n\n\n<details class=\"wp-block-details is-layout-flow wp-block-details-is-layout-flow\"><summary>Kleidung<\/summary>\n<p>Es ist uns ein Anliegen, dass die Kinder viele Sinneserfahrungen machen k\u00f6nnen: deshalb bitte Kleider w\u00e4hlen, die dreckig werden d\u00fcrfen resp. leicht zu reinigen sind. Die Kinder spielen mit Erde, Lehm und anderem. Eine Waldspielgruppenleiterin hat f\u00fcr Notf\u00e4lle (z.B. nasse Kleider) Ersatzkleider f\u00fcr Kinder mit dabei. Bitte bringen&nbsp;Sie diese beim n\u00e4chsten Spielgruppenbesuch wieder mit. Ein&nbsp;Tipp&nbsp;f\u00fcr Autofahrer\/innen: ein Abfallsack eignet sich bestens, um das Kind bis zum Bauch einzupacken und so nach Hause zu fahren<\/p>\n\n\n\n<p><strong>Sommerfell<\/strong><\/p>\n\n\n\n<p><img decoding=\"async\" class=\"wp-image-106\" style=\"width: 150px;float: left;margin-right: 10px;\" src=\"https:\/\/www.waldspielgruppe-pinocchio.ch\/wp-content\/uploads\/2024\/02\/icon_sommerfell.jpg\" alt=\"\">Gute,&nbsp;geschlossene Schuhe&nbsp;sind wichtig, damit das Kind auf dem Waldboden sicheren Halt hat. Bei Regen Gummistiefel.&nbsp;Bequeme, d\u00fcnne, lange Hosen&nbsp;(Leggins, Stoff- oder Jogginghosen), dar\u00fcber evtl.&nbsp;Regenhosen.&nbsp;Ein&nbsp;lang\u00e4rmeliges T-Shirt. Im Wald ist es immer k\u00fchler als an der Sonne. Ausserdem ist von Fr\u00fchling bis Herbst Zeckenzeit.&nbsp;Tipp: Auf heller Kleidung werden Zecken leichter entdeckt.<\/p>\n\n\n\n<p><strong>Winterfell<\/strong><\/p>\n\n\n\n<p>Gute,&nbsp;geschlossene Schuhe&nbsp;sind wichtig, damit das Kind auf dem Waldboden sicheren Halt hat. Bei Regen Gummistiefel.&nbsp;Bequeme, d\u00fcnne, lange Hosen&nbsp;(Leggins, Stoff- oder Jogginghosen), dar\u00fcber evtl.&nbsp;Regenhosen.&nbsp;Ein&nbsp;lang\u00e4rmeliges T-Shirt. Im Wald ist es immer k\u00fchler als an der Sonne. Ausserdem ist von Fr\u00fchling bis Herbst Zeckenzeit.&nbsp;Tipp: Auf heller Kleidung werden Zecken leichter entdeckt.<\/p>\n<\/details>\n\n\n\n<details class=\"wp-block-details is-layout-flow wp-block-details-is-layout-flow\"><summary>Rucksack<\/summary>\n<p><img decoding=\"async\" class=\"wp-image-106\" style=\"width: 150px;float: left;margin-right: 10px;\" src=\"https:\/\/www.waldspielgruppe-pinocchio.ch\/wp-content\/uploads\/2024\/02\/icon_rucksack.jpg\" alt=\"\">Idealerweise&nbsp;mit Brustgurt, damit die Tr\u00e4ger nicht \u00fcber die Schultern rutschen. Falls der Rucksack nicht wasserfest sein sollte, bei Regenwetter&nbsp;den Inhalt in einen Plastiksack einpacken. Evtl. Reservekleider mit einpacken.<\/p>\n<\/details>\n\n\n\n<details class=\"wp-block-details is-layout-flow wp-block-details-is-layout-flow\"><summary>Zn\u00fcni<\/summary>\n<p><img decoding=\"async\" class=\"wp-image-106\" style=\"width: 150px;float: left;margin-right: 10px;\" src=\"https:\/\/www.waldspielgruppe-pinocchio.ch\/wp-content\/uploads\/2024\/02\/icon_znueni.jpg\" alt=\"\">Ein gesundes Zn\u00fcni (Gem\u00fcse, Fr\u00fcchte, Vollkornbrot, Darvida, K\u00e4se, N\u00fcsse oder \u00e4hnliches) in einer wenn m\u00f6glich angeschriebenen Zn\u00fcnibox. Warmer Tee wird in der kalten Jahreszeit von den Leiterinnen mitgebracht. Eigene Getr\u00e4nke in einer gut verschliessbaren Flasche&nbsp;mitgeben.<\/p>\n<\/details>\n\n\n\n<details class=\"wp-block-details is-layout-flow wp-block-details-is-layout-flow\"><summary>Probezeit<\/summary>\n<p>3&nbsp;Wochen.&nbsp;Bei einem Austritt w\u00e4hrend der Probezeit wird der volle Monatsbeitrag, inklusive der Anmeldegeb\u00fchr CHF 50.00, geschuldet.<\/p>\n<\/details>\n\n\n\n<details class=\"wp-block-details is-layout-flow wp-block-details-is-layout-flow\"><summary>Versicherung<\/summary>\n<p>Ist Sache der Eltern.<\/p>\n<\/details>\n\n\n\n<details class=\"wp-block-details is-layout-flow wp-block-details-is-layout-flow\"><summary>Ferien<\/summary>\n<p>W\u00e4hrend der&nbsp;<a href=\"https:\/\/www.ksab.ch\/organisation\/wie-wo-was\/ferienplan\" target=\"_blank\" rel=\"noreferrer noopener\">Aarauer Schulferien<\/a>&nbsp;findet keine Waldspielgruppe statt.<\/p>\n<\/details>\n\n\n\n<details class=\"wp-block-details is-layout-flow wp-block-details-is-layout-flow\"><summary>Vertretung<\/summary>\n<p>Wir sind besorgt um Vertretung im Krankheitsfall oder bei Ferienabwesenheit. Wenn immer m\u00f6glich, werden wir uns gegenseitig vertreten.<\/p>\n<\/details>\n\n\n\n<details class=\"wp-block-details is-layout-flow wp-block-details-is-layout-flow\"><summary>Sturm \/ Naturereignisse<\/summary>\n<p><img decoding=\"async\" class=\"wp-image-106\" style=\"width: 150px;float: left;margin-right: 10px;\" src=\"https:\/\/www.waldspielgruppe-pinocchio.ch\/wp-content\/uploads\/2024\/02\/icon_sturm.jpg\" alt=\"\">Bei Sturm oder Gewitter kann es vorkommen, dass die Waldspielgruppe ausf\u00e4llt. In solchen F\u00e4llen informieren wir die Eltern, wenn m\u00f6glich bereits am Vorabend, ansonsten bis sp\u00e4testens 8 Uhr am Morgen. F\u00e4llt die Spielgruppe pro Schuljahr mehr als dreimal aus, wird dieser Vormittag entweder nicht verrechnet oder wir holen ihn an einem anderen Tag nach.<\/p>\n<\/details>\n\n\n\n<details class=\"wp-block-details is-layout-flow wp-block-details-is-layout-flow\"><summary>Zecken<\/summary>\n<p><img decoding=\"async\" class=\"wp-image-106\" style=\"width: 150px;float: left;margin-right: 10px;\" src=\"https:\/\/www.waldspielgruppe-pinocchio.ch\/wp-content\/uploads\/2024\/02\/icon_zecken.jpg\" alt=\"\">Die einfachste Zeckenprophylaxe ist eine gute Bekleidung, d.h. auch im Sommer lange Hosen, Langarmshirt und Kopfbedeckung. Empfehlenswert sind auch Regenhosen. Durchsuchen Sie Ihr Kind nach jedem Waldmorgen. Je schneller die Zecke fachgerecht entfernt wird, desto geringer ist das Risiko einer Krankheits\u00fcbertragung. Die Kleidung unbedingt gut aussch\u00fctteln oder waschen. Bei Zeckenbefall empfehlen wir, Buch zu f\u00fchren (Datum, Bissstelle am K\u00f6rper, Foto) und diese Stelle einige Woche zu beobachten, damit R\u00f6tungen nicht \u00fcbersehen werden. Bei unklarem Fieber nach einem Zeckenbiss ist der Arzt aufzusuchen. Bei weiteren Fragen d\u00fcrfen Sie sich gerne an uns wenden. Oder besuchen Sie&nbsp;<a href=\"http:\/\/www.zecken.ch\/\" target=\"_blank\" rel=\"noreferrer noopener\">www.zecken.ch<\/a>.<\/p>\n<\/details>\n\n\n\n<details class=\"wp-block-details is-layout-flow wp-block-details-is-layout-flow\"><summary>Fuchsbandwurm<\/summary>\n<p>Zur Vorbeugung haben wir die Regel, dass die Kinder vom Wald nichts essen oder in den Mund nehmen d\u00fcrfen und die H\u00e4nde vor dem Zn\u00fcni und nach der Waldspielgruppe zu Hause waschen m\u00fcssen.<\/p>\n<\/details>\n\n\n\n<details class=\"wp-block-details is-layout-flow wp-block-details-is-layout-flow\"><summary>Notf\u00e4lle<\/summary>\n<p><img decoding=\"async\" class=\"wp-image-106\" style=\"width: 150px;float: left;margin-right: 10px;\" src=\"https:\/\/www.waldspielgruppe-pinocchio.ch\/wp-content\/uploads\/2024\/02\/icon_unfall.jpg\" alt=\"\">Wir haben ein Mobiltelefon und eine Notfallapotheke bei uns. Beide Leiterinnen haben den Kurs \u201eNotf\u00e4lle f\u00fcr Kleinkinder\u201c besucht. Wir sind immer zu zweit.<\/p>\n<\/details>\n","protected":false},"excerpt":{"rendered":"<p>Infos Was ihr wissen m\u00fcsst:<\/p>\n","protected":false},"author":1,"featured_media":0,"parent":0,"menu_order":0,"comment_status":"closed","ping_status":"closed","template":"","meta":{"footnotes":""},"class_list":["post-66","page","type-page","status-publish","hentry"],"_links":{"self":[{"href":"https:\/\/www.waldspielgruppe-pinocchio.ch\/index.php\/wp-json\/wp\/v2\/pages\/66","targetHints":{"allow":["GET"]}}],"collection":[{"href":"https:\/\/www.waldspielgruppe-pinocchio.ch\/index.php\/wp-json\/wp\/v2\/pages"}],"about":[{"href":"https:\/\/www.waldspielgruppe-pinocchio.ch\/index.php\/wp-json\/wp\/v2\/types\/page"}],"author":[{"embeddable":true,"href":"https:\/\/www.waldspielgruppe-pinocchio.ch\/index.php\/wp-json\/wp\/v2\/users\/1"}],"replies":[{"embeddable":true,"href":"https:\/\/www.waldspielgruppe-pinocchio.ch\/index.php\/wp-json\/wp\/v2\/comments?post=66"}],"version-history":[{"count":17,"href":"https:\/\/www.waldspielgruppe-pinocchio.ch\/index.php\/wp-json\/wp\/v2\/pages\/66\/revisions"}],"predecessor-version":[{"id":193,"href":"https:\/\/www.waldspielgruppe-pinocchio.ch\/index.php\/wp-json\/wp\/v2\/pages\/66\/revisions\/193"}],"wp:attachment":[{"href":"https:\/\/www.waldspielgruppe-pinocchio.ch\/index.php\/wp-json\/wp\/v2\/media?parent=66"}],"curies":[{"name":"wp","href":"https:\/\/api.w.org\/{rel}","templated":true}]}}